 + t, 3*y + 328 = 5*y - 3*t. What is the tens digit of y?
6
Suppose 4173864 = 263*s + 1883987 - 3869583. What is the tens digit of s?
2
Suppose -3*h - 2*k = -259 - 364, 4*k - 625 = -3*h. Suppose -2*j + 5*j = -3*f + h, 0 = -f - 4*j + 78. What is the tens digit of f?
6
Suppose 5*i - 11*d = 91085, -13398 = 2*i + d - 49805. What is the hundreds digit of i?
2
Suppose 0 = y + y + 3*u + 15, -3*y - 5*u = 25. Suppose 247*r - 248*r + 914 = y. What is the units digit of r?
4
Let u(i) = i**3 + 3*i**2 - 3*i - 7. Let y be u(-2). Let k(r) = 27*r + 4. Let v be k(4). Suppose y*s - v = 104. What is the units digit of s?
2
Let n(m) = 2*m**3 + 27*m**2 + 11*m - 24. Let q be n(-13). Suppose -4*t + 7*t = q*x + 2375, -3*t - 5*x = -2389. What is the units digit of t?
3
Let b be 10382*(-1)/(-7 + 5). Suppose b = 5*r - 3264. What is the tens digit of r?
9
What is the hundreds digit of ((-559540)/(-25))/2 - (-18)/15?
1
Let m be ((-13112)/154)/(2/(-7)). Let h = -111 + m. Suppose 2*l = 4*r - h + 35, -4*r - 4*l + 140 = 0. What is the units digit of r?
7
Suppose 7*g - 2 = 12. What is the tens digit of (-3)/g - (2004/(-8) + 5)?
4
Suppose 22569 = -2*v + 10*v - 14359. What is the tens digit of v?
1
Suppose 3*y + 1 = 2*l, -4*l - 11*y - 6 = -9*y. What is the hundreds digit of ((-66)/(-4) + l)/((-8)/(-272))?
5
Let h(x) = 14*x - 15. Let m be h(1). What is the hundreds digit of (2 - 100/m) + 0/1?
1
What is the hundreds digit of (11 + -3)/((-196)/(-403466))?
4
Let n = 59 - 68. What is the units digit of 0 + 92 + (-6 - n)?
5
Suppose 3*x + 5*f - 1531 = 0, -3*x + 735 = f - 800. What is the tens digit of (74/(-6))/(5 + x/(-102))?
2
Suppose -14*d - 139 + 34187 = 0. What is the thousands digit of d?
2
Let g(x) = 8*x + 112. Let r be g(-14). Suppose 11*u - 6*u - 640 = r. What is the units digit of u?
8
Let d(m) = m**3 + 68*m**2 + 101*m + 233. What is the units digit of d(-65)?
3
Let l(a) = 48445*a**3 + 74*a**2 - 72*a - 2. What is the tens digit of l(1)?
4
Suppose 8*f + 3*w = 83001, 0 = -2*f + 9*w - 11*w + 20754. What is the ten thousands digit of f?
1
Let s(t) = 79*t + 16. Let v be s(1). Suppose 2*n + 10 = 0, 41*h + v = 45*h + n. What is the units digit of h?
5
What is the thousands digit of (10/(-15))/((-374768)/41640 - -9)?
3
Let m(o) = -788*o - 1312. What is the thousands digit of m(-11)?
7
Suppose 81*a - 26276 = 79*a - 4*d, 0 = 2*a + d - 26291. What is the units digit of a?
8
Let f(r) = -r**3 + 10*r**2 - 210*r + 223. What is the hundreds digit of f(-32)?
9
Suppose 2*q - 9 = -1. Suppose q = -4*h, 0*j - 67 = -j + 2*h. Suppose -7 - j = -4*s. What is the tens digit of s?
1
Let x(o) = -1507*o - 6041. What is the thousands digit of x(-24)?
0
Suppose 170*k - 1881081 = 123*k. What is the ten thousands digit of k?
4
Suppose 14*a - 651 = -7*a. Suppose -a*q = -37*q + 2178. What is the hundreds digit of q?
3
Let g = 47145 - 32044. What is the units digit of g?
1
Suppose 0 = -12*z - 44 - 4. Let m(d) = -6*d**3 + 9*d + 12. Let v(a) = -a**3 + a. Let x(y) = 2*m(y) - 10*v(y). What is the units digit of x(z)?
0
What is the hundreds digit of ((-932)/(-1631))/((-4)/(-120722))?
2
Let f be (4 - (-8 - -7)) + 20. Suppose f*d = -2*d + 11718. What is the tens digit of d?
3
Let y = 169 + 276. Suppose -b + y = 32. What is the units digit of b?
3
Let l be ((-530)/(-70) - 3) + 4/(-7). Let o be 39/4*16/6. Let f = o - l. What is the units digit of f?
2
Suppose -2*p + 275 = s, 3*s + 150 = p + 2. Suppose -c - 65 = h, -3*h + 6 = 2*c + 199. Let y = h + p. What is the units digit of y?
6
Let i = -819 - -1391. Suppose -3246 = -2*n + i. What is the units digit of n?
9
Let u(d) = 8*d - 2. Suppose -4*j = -5*j - 6. Let w be u(j). Let g = w + 90. What is the units digit of g?
0
Suppose -2*i - 15 - 33 = 0. What is the units digit of (-1736)/i - 4/(-6)?
3
Suppose 4*a + 5*y - 2183 = 0, 0 = -29*a + 31*a - 2*y - 1114. What is the hundreds digit of a?
5
Suppose -10*u + 6*u = 4*i - 11560, -2*i = -3*u - 5790. What is the units digit of (0 + (-1)/(-2))/(2/i)?
3
Suppose 2*s + 5880 = 4*a - 45056, -38150 = -3*a - 5*s. What is the ten thousands digit of a?
1
Let n(w) = -w**3 + 28*w**2 - 26*w - 23. Let i be n(27). Suppose -l = 3*l + k - 2785, 0 = i*l + 4*k - 2800. What is the tens digit of l?
9
Suppose -2*l + n - 2729 = 0, 4*l - 7*n + 5462 = -9*n. What is the tens digit of (-4)/42 - 462865/l?
3
What is the ten thousands digit of 16/1 + (29148 - 5)?
2
Suppose -d + 16 - 13 = 0, 3*n = 2*d - 1263. Let z = n - -1165. What is the units digit of z?
6
Let j(o) = o**3 - 26*o**2 + 177*o + 43. What is the tens digit of j(37)?
5
Suppose -5*t + 4*b - 415 = b, t + 3*b + 83 = 0. Let d = t + 165. What is the units digit of d?
2
Suppose 44*b - 1166 = -9*b. Let q = -104 + 205. Suppose -d - b = -q. What is the units digit of d?
9
What is the ten thousands digit of (663/(-17))/((4/(-8))/((-21434)/(-21)))?
7
Let i(u) = -2*u**3 - 8*u**2 - 16*u - 5. Let r be 27/(-4) - 10/40. What is the hundreds digit of i(r)?
4
Suppose 2*y - 4*q - 10478 = 0, -y = 2*q - 2286 - 2961. What is the thousands digit of y?
5
Let q = -7028 - -18422. Suppose -29*i = -20*i - q. What is the units digit of i?
6
Let j be (0*5/(-15))/1. Suppose j = -6*q + 4*q - 324. Let v = -43 - q. What is the hundreds digit of v?
1
Suppose 0 = -328*l + 266*l + 51708. What is the tens digit of l?
3
Let r(u) = u + 27. Let d be r(-12). Suppose -d*p + 21*p = 3672. What is the hundreds digit of p?
6
Suppose 0 = 4*q + 3*z + 206 - 615, 0 = -4*q - 5*z + 399. Suppose -q*v + 99*v = -1435. What is the tens digit of v?
0
Suppose 3*s - 2*i = -317 + 106, 2*i + 2 = 0. What is the tens digit of (4/6 + (-160)/96)*s?
7
Suppose -5*r + 6*r + 3 = -o, o = 4*r - 13. What is the tens digit of (-4964)/(-8) - r/(4/1)?
2
Let c be (-6 - -5)*7 + -511. Let v = c + 1040. What is the tens digit of v?
2
Let s = 12 - 9. Let i be (-10074)/(2 + -4) + s. What is the units digit of (4/10)/(16/i)?
6
Let g be ((-100)/6)/(357/90 - 4). Let j = g - 149. What is the hundreds digit of j?
3
Let g be 3/12 + 45/(-4). Let l = 42 + g. Suppose -27*n + l*n = 152. What is the units digit of n?
8
Let h(l) = -l**3 - 11*l**2 + 26*l - 5. Let d be h(-12). Let k(q) = -2*q**2 + 4*q - 6. Let i be k(-6). Let c = i - d. What is the units digit of c?
1
Suppose -11455*i - 32140 = -11460*i. What is the units digit of i?
8
What is the thousands digit of (-7)/(-40 + -9) + 68528/14?
4
Let f be (1 + (-4)/14)/((-18)/(-126)). What is the tens digit of -1822*(-1)/2 + (f - 0)?
1
Let v(t) be the third derivative of t**6/40 - t**5/20 + 2*t**4/3 + 2*t**3/3 - 261*t**2 + 1. What is the hundreds digit of v(5)?
3
Let t = 47 - 51. Let p be t - 39/(-9)*-3. Let y(w) = -w**3 - 16*w**2 + 14*w - 22. What is the units digit of y(p)?
9
What is the hundreds digit of 2 - 525/231 - 1062452/(-22)?
2
Let h(g) = 5*g - 1. Let a be h(1). Let u be (498/9)/((-2)/(-12)*2). What is the units digit of u - 3/(a/8 - -1)?
4
Let x be (12 - 8) + -2 + 2. What is the hundreds digit of -5 - (-5 - ((0 - -261) + x))?
2
Let g be (1074/(-5))/(13/(-65)). Suppose -6*r - g = -342. Let h = 216 + r. What is the tens digit of h?
9
Suppose 2*i - 3*j = 2373, i = -0*i - 4*j + 1192. Let q = i - 590. What is the units digit of q?
8
Let r(h) = 644*h - 3582. What is the hundreds digit of r(102)?
1
Let j(m) = -107*m**3 - 6*m**2 - 85*m - 576. What is the units digit of j(-6)?
0
Suppose 0 = -3*r - c + 1, -5*r + 4*c - 5 = -c. Suppose -2*g = 2*f + 14, -6 = -2*g - r*f + 2*f. What is the tens digit of 12/(g + (-175)/(-80))?
6
Suppose 4*f - 5*o = -9, o + o = 4*f - 6. Let d(c) = 143*c**2 - 2*c - 1. Let v be d(-1). Suppose v = -u + f*u. What is the units digit of u?
8
What is the tens digit of ((-3062)/3)/((-4)/(-6))*24/(-6)?
2
Suppose 4*m = 8*d - 4*d - 156264, 0 = -5*d - 5*m + 195360. What is the hundreds digit of d?
0
Let o(u) = 110*u**2 - 4*u + 303*u**2 - 5 + 10 + 41*u**2. What is the hundreds digit of o(1)?
4
Suppose 21 = 4*h - 167. Let d = 8582 + -8401. Let o = h + d. What is the hundreds digit of o?
2
Suppose 1416034 = 66*i - 100052. What is the units digit of i?
1
Let g = 37 - 31. Suppose 0 = 5*d - 1 - 9. Suppose -g*z = -d*z - 360. What is the units digit of z?
0
Let g be (-12)/(-126) - (-33806)/42. Suppose 0 = -3*p + l - 2*l + 2390, 0 = p + 2*l - g. What is the tens digit of p?
9
Suppose -426*j + 5*o + 335095 = -421*j, 0 = j - 4*o - 6